{"id":8945,"date":"2025-09-18T12:47:35","date_gmt":"2025-09-18T12:47:35","guid":{"rendered":"https:\/\/resources.tehnomax.me\/?page_id=8945"},"modified":"2025-09-18T13:55:35","modified_gmt":"2025-09-18T13:55:35","slug":"apple-watch-se3","status":"publish","type":"page","link":"https:\/\/resources.tehnomax.me\/?page_id=8945","title":{"rendered":"APPLE WATCH SE3"},"content":{"rendered":"\t\t<div data-elementor-type=\"wp-page\" data-elementor-id=\"8945\" class=\"elementor elementor-8945\" data-elementor-post-type=\"page\">\n\t\t\t\t\t\t<section class=\"elementor-section elementor-top-section elementor-element elementor-element-4555298d elementor-section-full_width elementor-section-height-default elementor-section-height-default\" data-id=\"4555298d\" data-element_type=\"section\" data-settings=\"{&quot;background_background&quot;:&quot;classic&quot;}\">\n\t\t\t\t\t\t<div class=\"elementor-container elementor-column-gap-default\">\n\t\t\t\t\t<div class=\"elementor-column elementor-col-100 elementor-top-column elementor-element elementor-element-19c23c83\" data-id=\"19c23c83\" data-element_type=\"column\">\n\t\t\t<div class=\"elementor-widget-wrap elementor-element-populated\">\n\t\t\t\t\t\t<div class=\"elementor-element elementor-element-4210697 elementor-widget elementor-widget-video\" data-id=\"4210697\" data-element_type=\"widget\" data-settings=\"{&quot;video_type&quot;:&quot;hosted&quot;,&quot;autoplay&quot;:&quot;yes&quot;,&quot;mute&quot;:&quot;yes&quot;,&quot;play_on_mobile&quot;:&quot;yes&quot;}\" data-widget_type=\"video.default\">\n\t\t\t\t<div class=\"elementor-widget-container\">\n\t\t\t\t\t\t\t<div class=\"e-hosted-video elementor-wrapper elementor-open-inline\">\n\t\t\t\t\t<video class=\"elementor-video\" src=\"https:\/\/resources.tehnomax.me\/wp-content\/uploads\/2025\/09\/Apple-Watch-SE-3-Apple-1.mp4\" autoplay=\"\" muted=\"muted\" playsinline=\"\" controlsList=\"nodownload\"><\/video>\n\t\t\t\t<\/div>\n\t\t\t\t\t\t<\/div>\n\t\t\t\t<\/div>\n\t\t\t\t<div class=\"elementor-element elementor-element-e78c833 elementor-invisible elementor-widget elementor-widget-image\" data-id=\"e78c833\" data-element_type=\"widget\" data-settings=\"{&quot;_animation&quot;:&quot;fadeInRight&quot;}\" data-widget_type=\"image.default\">\n\t\t\t\t<div class=\"elementor-widget-container\">\n\t\t\t\t\t\t\t\t\t\t\t\t\t\t\t<img fetchpriority=\"high\" decoding=\"async\" width=\"897\" height=\"130\" src=\"https:\/\/resources.tehnomax.me\/wp-content\/uploads\/2025\/09\/image-removebg-preview-7.png\" class=\"attachment-full size-full wp-image-8950\" alt=\"\" srcset=\"https:\/\/resources.tehnomax.me\/wp-content\/uploads\/2025\/09\/image-removebg-preview-7.png 897w, https:\/\/resources.tehnomax.me\/wp-content\/uploads\/2025\/09\/image-removebg-preview-7-300x43.png 300w, https:\/\/resources.tehnomax.me\/wp-content\/uploads\/2025\/09\/image-removebg-preview-7-768x111.png 768w\" sizes=\"(max-width: 897px) 100vw, 897px\" \/>\t\t\t\t\t\t\t\t\t\t\t\t\t\t\t<\/div>\n\t\t\t\t<\/div>\n\t\t\t\t<div class=\"elementor-element elementor-element-ef07002 elementor-invisible elementor-widget elementor-widget-image\" data-id=\"ef07002\" data-element_type=\"widget\" data-settings=\"{&quot;_animation&quot;:&quot;fadeInUp&quot;}\" data-widget_type=\"image.default\">\n\t\t\t\t<div class=\"elementor-widget-container\">\n\t\t\t\t\t\t\t\t\t\t\t\t\t\t\t<img decoding=\"async\" width=\"1049\" height=\"665\" src=\"https:\/\/resources.tehnomax.me\/wp-content\/uploads\/2025\/09\/Screenshot-2025-09-18-145118.png\" class=\"attachment-full size-full wp-image-8953\" alt=\"\" srcset=\"https:\/\/resources.tehnomax.me\/wp-content\/uploads\/2025\/09\/Screenshot-2025-09-18-145118.png 1049w, https:\/\/resources.tehnomax.me\/wp-content\/uploads\/2025\/09\/Screenshot-2025-09-18-145118-300x190.png 300w, https:\/\/resources.tehnomax.me\/wp-content\/uploads\/2025\/09\/Screenshot-2025-09-18-145118-1024x649.png 1024w, https:\/\/resources.tehnomax.me\/wp-content\/uploads\/2025\/09\/Screenshot-2025-09-18-145118-768x487.png 768w\" sizes=\"(max-width: 1049px) 100vw, 1049px\" \/>\t\t\t\t\t\t\t\t\t\t\t\t\t\t\t<\/div>\n\t\t\t\t<\/div>\n\t\t\t\t<div class=\"elementor-element elementor-element-12a7874 elementor-widget elementor-widget-spacer\" data-id=\"12a7874\" data-element_type=\"widget\" data-widget_type=\"spacer.default\">\n\t\t\t\t<div class=\"elementor-widget-container\">\n\t\t\t\t\t\t\t<div class=\"elementor-spacer\">\n\t\t\t<div class=\"elementor-spacer-inner\"><\/div>\n\t\t<\/div>\n\t\t\t\t\t\t<\/div>\n\t\t\t\t<\/div>\n\t\t\t\t\t<\/div>\n\t\t<\/div>\n\t\t\t\t\t<\/div>\n\t\t<\/section>\n\t\t<div class=\"elementor-element elementor-element-a0e20c2 e-flex e-con-boxed e-con e-parent\" data-id=\"a0e20c2\" data-element_type=\"container\">\n\t\t\t\t\t<div class=\"e-con-inner\">\n\t\t<div class=\"elementor-element elementor-element-f206bee e-con-full e-flex e-con e-child\" data-id=\"f206bee\" data-element_type=\"container\">\n\t\t\t\t<div class=\"elementor-element elementor-element-7924600 elementor-invisible elementor-widget elementor-widget-image\" data-id=\"7924600\" data-element_type=\"widget\" data-settings=\"{&quot;_animation&quot;:&quot;fadeInRight&quot;}\" data-widget_type=\"image.default\">\n\t\t\t\t<div class=\"elementor-widget-container\">\n\t\t\t\t\t\t\t\t\t\t\t\t\t\t\t<img decoding=\"async\" width=\"1048\" height=\"662\" src=\"https:\/\/resources.tehnomax.me\/wp-content\/uploads\/2025\/09\/Screenshot-2025-09-18-145237.png\" class=\"attachment-full size-full wp-image-8956\" alt=\"\" srcset=\"https:\/\/resources.tehnomax.me\/wp-content\/uploads\/2025\/09\/Screenshot-2025-09-18-145237.png 1048w, https:\/\/resources.tehnomax.me\/wp-content\/uploads\/2025\/09\/Screenshot-2025-09-18-145237-300x190.png 300w, https:\/\/resources.tehnomax.me\/wp-content\/uploads\/2025\/09\/Screenshot-2025-09-18-145237-1024x647.png 1024w, https:\/\/resources.tehnomax.me\/wp-content\/uploads\/2025\/09\/Screenshot-2025-09-18-145237-768x485.png 768w\" sizes=\"(max-width: 1048px) 100vw, 1048px\" \/>\t\t\t\t\t\t\t\t\t\t\t\t\t\t\t<\/div>\n\t\t\t\t<\/div>\n\t\t\t\t<div class=\"elementor-element elementor-element-04178b6 elementor-invisible elementor-widget elementor-widget-image\" data-id=\"04178b6\" data-element_type=\"widget\" data-settings=\"{&quot;_animation&quot;:&quot;fadeInLeft&quot;}\" data-widget_type=\"image.default\">\n\t\t\t\t<div class=\"elementor-widget-container\">\n\t\t\t\t\t\t\t\t\t\t\t\t\t\t\t<img loading=\"lazy\" decoding=\"async\" width=\"1046\" height=\"664\" src=\"https:\/\/resources.tehnomax.me\/wp-content\/uploads\/2025\/09\/Screenshot-2025-09-18-145413.png\" class=\"attachment-full size-full wp-image-8957\" alt=\"\" srcset=\"https:\/\/resources.tehnomax.me\/wp-content\/uploads\/2025\/09\/Screenshot-2025-09-18-145413.png 1046w, https:\/\/resources.tehnomax.me\/wp-content\/uploads\/2025\/09\/Screenshot-2025-09-18-145413-300x190.png 300w, https:\/\/resources.tehnomax.me\/wp-content\/uploads\/2025\/09\/Screenshot-2025-09-18-145413-1024x650.png 1024w, https:\/\/resources.tehnomax.me\/wp-content\/uploads\/2025\/09\/Screenshot-2025-09-18-145413-768x488.png 768w\" sizes=\"(max-width: 1046px) 100vw, 1046px\" \/>\t\t\t\t\t\t\t\t\t\t\t\t\t\t\t<\/div>\n\t\t\t\t<\/div>\n\t\t\t\t<\/div>\n\t\t\t\t\t<\/div>\n\t\t\t\t<\/div>\n\t\t<div class=\"elementor-element elementor-element-8fefb35 e-flex e-con-boxed e-con e-parent\" data-id=\"8fefb35\" data-element_type=\"container\">\n\t\t\t\t\t<div class=\"e-con-inner\">\n\t\t<div class=\"elementor-element elementor-element-fb66832 e-con-full e-flex e-con e-child\" data-id=\"fb66832\" data-element_type=\"container\">\n\t\t\t\t<div class=\"elementor-element elementor-element-9a05b35 elementor-widget elementor-widget-video\" data-id=\"9a05b35\" data-element_type=\"widget\" data-settings=\"{&quot;video_type&quot;:&quot;hosted&quot;,&quot;autoplay&quot;:&quot;yes&quot;,&quot;mute&quot;:&quot;yes&quot;,&quot;_animation&quot;:&quot;none&quot;,&quot;play_on_mobile&quot;:&quot;yes&quot;}\" data-widget_type=\"video.default\">\n\t\t\t\t<div class=\"elementor-widget-container\">\n\t\t\t\t\t\t\t<div class=\"e-hosted-video elementor-wrapper elementor-open-inline\">\n\t\t\t\t\t<video class=\"elementor-video\" src=\"https:\/\/resources.tehnomax.me\/wp-content\/uploads\/2025\/09\/Apple-Watch-SE-3-Apple.mkv\" autoplay=\"\" muted=\"muted\" playsinline=\"\" controlsList=\"nodownload\"><\/video>\n\t\t\t\t<\/div>\n\t\t\t\t\t\t<\/div>\n\t\t\t\t<\/div>\n\t\t\t\t<\/div>\n\t\t\t\t\t<\/div>\n\t\t\t\t<\/div>\n\t\t<div class=\"elementor-element elementor-element-bbb3d5f e-flex e-con-boxed e-con e-parent\" data-id=\"bbb3d5f\" data-element_type=\"container\">\n\t\t\t\t\t<div class=\"e-con-inner\">\n\t\t<div class=\"elementor-element elementor-element-57edecc e-con-full e-flex elementor-invisible e-con e-child\" data-id=\"57edecc\" data-element_type=\"container\" data-settings=\"{&quot;animation&quot;:&quot;fadeInRight&quot;}\">\n\t\t\t\t<div class=\"elementor-element elementor-element-6e2959f elementor-widget elementor-widget-image\" data-id=\"6e2959f\" data-element_type=\"widget\" data-widget_type=\"image.default\">\n\t\t\t\t<div class=\"elementor-widget-container\">\n\t\t\t\t\t\t\t\t\t\t\t\t\t\t\t<img loading=\"lazy\" decoding=\"async\" width=\"372\" height=\"452\" src=\"https:\/\/resources.tehnomax.me\/wp-content\/uploads\/2025\/09\/download-4.png\" class=\"attachment-large size-large wp-image-8973\" alt=\"\" srcset=\"https:\/\/resources.tehnomax.me\/wp-content\/uploads\/2025\/09\/download-4.png 372w, https:\/\/resources.tehnomax.me\/wp-content\/uploads\/2025\/09\/download-4-247x300.png 247w\" sizes=\"(max-width: 372px) 100vw, 372px\" \/>\t\t\t\t\t\t\t\t\t\t\t\t\t\t\t<\/div>\n\t\t\t\t<\/div>\n\t\t\t\t<div class=\"elementor-element elementor-element-19f828c elementor-widget elementor-widget-text-editor\" data-id=\"19f828c\" data-element_type=\"widget\" data-widget_type=\"text-editor.default\">\n\t\t\t\t<div class=\"elementor-widget-container\">\n\t\t\t\t\t\t\t\t\t<p><strong data-start=\"0\" data-end=\"39\">Zatvori svoje prstene Aktivnosti.<\/strong> Prati dnevne ciljeve Kretanje, Vje\u017ebanje i Stajanje uz prstenove Aktivnosti. Osvajaj nagrade i dijeli napredak sa svojom zajednicom za malo prijateljskog nadmetanja. A prstenove Aktivnosti mo\u017ee\u0161 pauzirati ili prilagoditi u bilo kom trenutku u aplikaciji Aktivnost.<\/p>\t\t\t\t\t\t\t\t<\/div>\n\t\t\t\t<\/div>\n\t\t\t\t<\/div>\n\t\t<div class=\"elementor-element elementor-element-e3b73ef e-con-full animated-slow e-flex elementor-invisible e-con e-child\" data-id=\"e3b73ef\" data-element_type=\"container\" data-settings=\"{&quot;animation&quot;:&quot;fadeInUp&quot;}\">\n\t\t\t\t<div class=\"elementor-element elementor-element-3f6d0ab elementor-widget elementor-widget-image\" data-id=\"3f6d0ab\" data-element_type=\"widget\" data-widget_type=\"image.default\">\n\t\t\t\t<div class=\"elementor-widget-container\">\n\t\t\t\t\t\t\t\t\t\t\t\t\t\t\t<img loading=\"lazy\" decoding=\"async\" width=\"372\" height=\"452\" src=\"https:\/\/resources.tehnomax.me\/wp-content\/uploads\/2025\/09\/download-5.png\" class=\"attachment-large size-large wp-image-8972\" alt=\"\" srcset=\"https:\/\/resources.tehnomax.me\/wp-content\/uploads\/2025\/09\/download-5.png 372w, https:\/\/resources.tehnomax.me\/wp-content\/uploads\/2025\/09\/download-5-247x300.png 247w\" sizes=\"(max-width: 372px) 100vw, 372px\" \/>\t\t\t\t\t\t\t\t\t\t\t\t\t\t\t<\/div>\n\t\t\t\t<\/div>\n\t\t\t\t<div class=\"elementor-element elementor-element-3a126fc elementor-widget elementor-widget-text-editor\" data-id=\"3a126fc\" data-element_type=\"widget\" data-widget_type=\"text-editor.default\">\n\t\t\t\t<div class=\"elementor-widget-container\">\n\t\t\t\t\t\t\t\t\t<p><strong data-start=\"0\" data-end=\"35\">Jo\u0161 mo\u0107nija aplikacija Trening.<\/strong> Pobolj\u0161an raspored uvodi \u010detiri nova dugmeta u uglovima, pa jo\u0161 br\u017ee dolazi\u0161 do svojih omiljenih funkcija kao \u0161to su mediji, prikazi treninga i iskustva poput Pacer-a ili prilago\u0111enih treninga.<\/p>\t\t\t\t\t\t\t\t<\/div>\n\t\t\t\t<\/div>\n\t\t\t\t<\/div>\n\t\t<div class=\"elementor-element elementor-element-4cb959d e-con-full e-flex elementor-invisible e-con e-child\" data-id=\"4cb959d\" data-element_type=\"container\" data-settings=\"{&quot;animation&quot;:&quot;fadeInLeft&quot;}\">\n\t\t\t\t<div class=\"elementor-element elementor-element-395847d elementor-widget elementor-widget-image\" data-id=\"395847d\" data-element_type=\"widget\" data-widget_type=\"image.default\">\n\t\t\t\t<div class=\"elementor-widget-container\">\n\t\t\t\t\t\t\t\t\t\t\t\t\t\t\t<img loading=\"lazy\" decoding=\"async\" width=\"372\" height=\"452\" src=\"https:\/\/resources.tehnomax.me\/wp-content\/uploads\/2025\/09\/download-6.png\" class=\"attachment-large size-large wp-image-8971\" alt=\"\" srcset=\"https:\/\/resources.tehnomax.me\/wp-content\/uploads\/2025\/09\/download-6.png 372w, https:\/\/resources.tehnomax.me\/wp-content\/uploads\/2025\/09\/download-6-247x300.png 247w\" sizes=\"(max-width: 372px) 100vw, 372px\" \/>\t\t\t\t\t\t\t\t\t\t\t\t\t\t\t<\/div>\n\t\t\t\t<\/div>\n\t\t\t\t<div class=\"elementor-element elementor-element-c0d4816 elementor-widget elementor-widget-text-editor\" data-id=\"c0d4816\" data-element_type=\"widget\" data-widget_type=\"text-editor.default\">\n\t\t\t\t<div class=\"elementor-widget-container\">\n\t\t\t\t\t\t\t\t\t<p><strong data-start=\"0\" data-end=\"16\">Kreni odmah.<\/strong> Apple Watch SE 3 je tvoj savr\u0161eni partner za tr\u010danje. Uz ugra\u0111eni GPS i napredne senzore poma\u017ee ti da prati\u0161 distancu, tempo i puls \u2014 i pru\u017ea sve metrike koje ti trebaju da ostane\u0161 na putu ostvarenja svojih fitnes ciljeva.<\/p>\t\t\t\t\t\t\t\t<\/div>\n\t\t\t\t<\/div>\n\t\t\t\t<\/div>\n\t\t\t\t\t<\/div>\n\t\t\t\t<\/div>\n\t\t\t\t<section class=\"elementor-section elementor-top-section elementor-element elementor-element-398b65c6 elementor-section-boxed elementor-section-height-default elementor-section-height-default\" data-id=\"398b65c6\" data-element_type=\"section\">\n\t\t\t\t\t\t<div class=\"elementor-container elementor-column-gap-default\">\n\t\t\t\t\t<div class=\"elementor-column elementor-col-100 elementor-top-column elementor-element elementor-element-2318e406\" data-id=\"2318e406\" data-element_type=\"column\">\n\t\t\t<div class=\"elementor-widget-wrap elementor-element-populated\">\n\t\t\t\t\t\t<div class=\"elementor-element elementor-element-16281c07 elementor-widget elementor-widget-html\" data-id=\"16281c07\" data-element_type=\"widget\" data-widget_type=\"html.default\">\n\t\t\t\t<div class=\"elementor-widget-container\">\n\t\t\t\t\t<script src=https:\/\/ajax.googleapis.com\/ajax\/libs\/jquery\/1.11.0\/jquery.min.js><\/script><script type=\"text\/javascript\" src=https:\/\/www.tehnomax.me\/common\/javascript\/iframe-resizer\/iframeResizer.contentWindow.min.js defer><\/script>\t\t\t\t<\/div>\n\t\t\t\t<\/div>\n\t\t\t\t\t<\/div>\n\t\t<\/div>\n\t\t\t\t\t<\/div>\n\t\t<\/section>\n\t\t\t\t<\/div>\n\t\t","protected":false},"excerpt":{"rendered":"<p>https:\/\/resources.tehnomax.me\/wp-content\/uploads\/2025\/09\/Apple-Watch-SE-3-Apple-1.mp4 https:\/\/resources.tehnomax.me\/wp-content\/uploads\/2025\/09\/Apple-Watch-SE-3-Apple.mkv Zatvori svoje prstene Aktivnosti. Prati dnevne ciljeve Kretanje, Vje\u017ebanje i Stajanje uz prstenove Aktivnosti. Osvajaj nagrade i dijeli napredak sa svojom zajednicom za malo prijateljskog nadmetanja. A prstenove Aktivnosti mo\u017ee\u0161 pauzirati ili prilagoditi u bilo kom trenutku u aplikaciji Aktivnost. Jo\u0161 mo\u0107nija aplikacija Trening. Pobolj\u0161an raspored uvodi \u010detiri nova dugmeta u uglovima, pa [&hellip;]<\/p>\n","protected":false},"author":7,"featured_media":0,"parent":0,"menu_order":0,"comment_status":"closed","ping_status":"closed","template":"elementor_canvas","meta":{"footnotes":""},"class_list":["post-8945","page","type-page","status-publish","hentry"],"_links":{"self":[{"href":"https:\/\/resources.tehnomax.me\/index.php?rest_route=\/wp\/v2\/pages\/8945","targetHints":{"allow":["GET"]}}],"collection":[{"href":"https:\/\/resources.tehnomax.me\/index.php?rest_route=\/wp\/v2\/pages"}],"about":[{"href":"https:\/\/resources.tehnomax.me\/index.php?rest_route=\/wp\/v2\/types\/page"}],"author":[{"embeddable":true,"href":"https:\/\/resources.tehnomax.me\/index.php?rest_route=\/wp\/v2\/users\/7"}],"replies":[{"embeddable":true,"href":"https:\/\/resources.tehnomax.me\/index.php?rest_route=%2Fwp%2Fv2%2Fcomments&post=8945"}],"version-history":[{"count":43,"href":"https:\/\/resources.tehnomax.me\/index.php?rest_route=\/wp\/v2\/pages\/8945\/revisions"}],"predecessor-version":[{"id":9037,"href":"https:\/\/resources.tehnomax.me\/index.php?rest_route=\/wp\/v2\/pages\/8945\/revisions\/9037"}],"wp:attachment":[{"href":"https:\/\/resources.tehnomax.me\/index.php?rest_route=%2Fwp%2Fv2%2Fmedia&parent=8945"}],"curies":[{"name":"wp","href":"https:\/\/api.w.org\/{rel}","templated":true}]}}